{"id":47,"date":"2017-01-17T17:09:37","date_gmt":"2017-01-17T17:09:37","guid":{"rendered":"http:\/\/redempresaspositivas.com\/?page_id=47"},"modified":"2017-01-17T17:09:37","modified_gmt":"2017-01-17T17:09:37","slug":"certificacion-empresa-positiva","status":"publish","type":"page","link":"https:\/\/redempresaspositivas.com\/?page_id=47","title":{"rendered":"Certificaci\u00f3n\u00a0 \u201cEmpresa Positiva\u201d"},"content":{"rendered":"<body><p>La certificaci\u00f3n de \u201cEmpresa Positiva\u201d desarrolla la denominaci\u00f3n del distintivo de felicidad, el procedimiento y las condiciones para su concesi\u00f3n, los derechos y facultades derivados de su obtenci\u00f3n y las condiciones de difusi\u00f3n institucional de las empresas que lo obtengan.<\/p>\n<p>Se trata de una marca de excelencia en Felicidad que servir\u00e1 de est\u00edmulo y reconocimiento a aquellas empresas comprometidas y que destaquen por la aplicaci\u00f3n de pol\u00edticas de bienestar y salud en las condiciones de trabajo, en los modelos de organizaci\u00f3n y en otros \u00e1mbitos como los servicios, productos y publicidad de la empresa.<\/p>\n<p>El distintivo se concede anualmente, si bien las empresas adheridas deber\u00e1n remitir un informe anual para demostrar que mantienen el nivel de excelencia en materia de bienestar y salud por el que se les concedi\u00f3 esta distinci\u00f3n.<\/p>\n<p>Esta distinci\u00f3n de excelencia en la aplicaci\u00f3n de pol\u00edticas de bienestar y salud podr\u00e1 ser utilizada en el tr\u00e1fico comercial de la empresa y con fines publicitarios.<\/p>\n<p>Se conceden tres tipos de distintivos seg\u00fan la aplicaci\u00f3n de los programas y su compromiso continuado. As\u00ed, se obtendr\u00eda certificaci\u00f3n:<\/p>\n<ul>\n<li>Bronce: cumple el 50% de los requisitos tras la realizaci\u00f3n del proceso de auditor\u00eda.<\/li>\n<li>Plata: cumple m\u00e1s del 75% de los requisitos tras la realizaci\u00f3n del proceso de auditor\u00eda.<\/li>\n<li>Oro: cumple m\u00e1s del 90% de los requisitos tras la realizaci\u00f3n del proceso de auditor\u00eda.<\/li>\n<li>Platino: a las Empresas ORO que cumplan los requisitos durante m\u00e1s de dos a\u00f1os.<\/li>\n<\/ul>\n<h2><\/h2>\n<\/body>","protected":false},"excerpt":{"rendered":"<p>La certificaci\u00f3n de \u201cEmpresa Positiva\u201d desarrolla la denominaci\u00f3n del distintivo de felicidad, el procedimiento y las condiciones para su concesi\u00f3n, los derechos y facultades derivados de su obtenci\u00f3n y las condiciones de difusi\u00f3n institucional de las empresas que lo obtengan. Se trata de una marca de excelencia en Felicidad que servir\u00e1 de est\u00edmulo y reconocimiento &hellip; <a href=\"https:\/\/redempresaspositivas.com\/?page_id=47\" class=\"more-link\">Seguir leyendo <span class=\"screen-reader-text\">Certificaci\u00f3n\u00a0 \u201cEmpresa Positiva\u201d<\/span> <span class=\"meta-nav\">&rarr;<\/span><\/a><\/p>\n","protected":false},"author":1,"featured_media":0,"parent":0,"menu_order":0,"comment_status":"closed","ping_status":"closed","template":"","meta":{"footnotes":""},"class_list":["post-47","page","type-page","status-publish","hentry"],"jetpack_sharing_enabled":true,"_links":{"self":[{"href":"https:\/\/redempresaspositivas.com\/index.php?rest_route=\/wp\/v2\/pages\/47"}],"collection":[{"href":"https:\/\/redempresaspositivas.com\/index.php?rest_route=\/wp\/v2\/pages"}],"about":[{"href":"https:\/\/redempresaspositivas.com\/index.php?rest_route=\/wp\/v2\/types\/page"}],"author":[{"embeddable":true,"href":"https:\/\/redempresaspositivas.com\/index.php?rest_route=\/wp\/v2\/users\/1"}],"replies":[{"embeddable":true,"href":"https:\/\/redempresaspositivas.com\/index.php?rest_route=%2Fwp%2Fv2%2Fcomments&post=47"}],"version-history":[{"count":1,"href":"https:\/\/redempresaspositivas.com\/index.php?rest_route=\/wp\/v2\/pages\/47\/revisions"}],"predecessor-version":[{"id":48,"href":"https:\/\/redempresaspositivas.com\/index.php?rest_route=\/wp\/v2\/pages\/47\/revisions\/48"}],"wp:attachment":[{"href":"https:\/\/redempresaspositivas.com\/index.php?rest_route=%2Fwp%2Fv2%2Fmedia&parent=47"}],"curies":[{"name":"wp","href":"https:\/\/api.w.org\/{rel}","templated":true}]}}