{"id":13,"date":"2017-01-17T16:25:50","date_gmt":"2017-01-17T16:25:50","guid":{"rendered":"http:\/\/redempresaspositivas.com\/?page_id=13"},"modified":"2017-01-24T16:08:01","modified_gmt":"2017-01-24T16:08:01","slug":"servicios","status":"publish","type":"page","link":"https:\/\/redempresaspositivas.com\/?page_id=13","title":{"rendered":"Servicios"},"content":{"rendered":"<body>\t\t<div data-elementor-type=\"wp-post\" data-elementor-id=\"13\" class=\"elementor elementor-13 elementor-bc-flex-widget\">\n\t\t\t\t\t\t\t\t\t<section class=\"elementor-section elementor-top-section elementor-element elementor-element-xzpnyiv elementor-section-boxed elementor-section-height-default elementor-section-height-default\" data-id=\"xzpnyiv\" data-element_type=\"section\">\n\t\t\t\t\t\t<div class=\"elementor-container elementor-column-gap-default\">\n\t\t\t\t\t<div class=\"elementor-column elementor-col-100 elementor-top-column elementor-element elementor-element-povjzyk\" data-id=\"povjzyk\" data-element_type=\"column\">\n\t\t\t<div class=\"elementor-widget-wrap elementor-element-populated\">\n\t\t\t\t\t\t\t\t<div class=\"elementor-element elementor-element-5cy8on1 elementor-widget elementor-widget-image\" data-id=\"5cy8on1\" data-element_type=\"widget\" data-widget_type=\"image.default\">\n\t\t\t\t<div class=\"elementor-widget-container\">\n\t\t\t\t\t\t\t\t\t\t\t\t\t\t\t<img loading=\"lazy\" decoding=\"async\" width=\"630\" height=\"230\" src=\"https:\/\/i0.wp.com\/redempresaspositivas.com\/wp-content\/uploads\/2017\/01\/cursos1.jpg?fit=630%2C230&amp;ssl=1\" class=\"elementor-animation-grow attachment-full size-full wp-image-106\" alt=\"\" srcset=\"https:\/\/i0.wp.com\/redempresaspositivas.com\/wp-content\/uploads\/2017\/01\/cursos1.jpg?w=630&amp;ssl=1 630w, https:\/\/i0.wp.com\/redempresaspositivas.com\/wp-content\/uploads\/2017\/01\/cursos1.jpg?resize=300%2C110&amp;ssl=1 300w\" sizes=\"(max-width: 604px) 100vw, 604px\" loading=\"lazy\">\t\t\t\t\t\t\t\t\t\t\t\t\t\t\t<\/div>\n\t\t\t\t<\/div>\n\t\t\t\t<section class=\"elementor-section elementor-inner-section elementor-element elementor-element-5ucw6dq elementor-section-boxed elementor-section-height-default elementor-section-height-default\" data-id=\"5ucw6dq\" data-element_type=\"section\">\n\t\t\t\t\t\t<div class=\"elementor-container elementor-column-gap-default\">\n\t\t\t\t\t<div class=\"elementor-column elementor-col-50 elementor-inner-column elementor-element elementor-element-09xtynf\" data-id=\"09xtynf\" data-element_type=\"column\">\n\t\t\t<div class=\"elementor-widget-wrap elementor-element-populated\">\n\t\t\t\t\t\t\t\t<div class=\"elementor-element elementor-element-j3o6get elementor-widget elementor-widget-text-editor\" data-id=\"j3o6get\" data-element_type=\"widget\" data-widget_type=\"text-editor.default\">\n\t\t\t\t<div class=\"elementor-widget-container\">\n\t\t\t\t\t\t\t<ul><li><span style=\"color: #339966;\"><strong>Auditoria\u00a0positiva<\/strong>:<\/span> hay muchos modos de hacerlo, dependiendo de los recursos de la empresa:<ol><li>Con datos que aporte la empresa.<\/li><li>Metodolog\u00eda de encuesta.<\/li><li>Investigaci\u00f3n cient\u00edfica.<\/li><\/ol><\/li><\/ul><ul><li><span style=\"color: #339966;\"><strong>Formaci\u00f3n a directivos<\/strong>:<\/span> adaptada a las necesidades presentes, para que puedan generar los m\u00faltiples efectos positivos derivados de aplicar la Felicidad en el Trabajo.<\/li><\/ul><ul><li><span style=\"color: #339966;\"><strong>Mindfulness-Atenci\u00f3n Plena<\/strong>:<\/span> que cualquier miembro de la empresa pueda aprender a regular sus emociones, y aprenda esta forma de vivir: la m\u00e1s eficaz para conseguir unos niveles \u00f3ptimos de felicidad.<\/li><\/ul><ul><li>Aprende a desarrollar tus <span style=\"color: #339966;\"><strong>fortalezas<\/strong>:<\/span> los estudios cient\u00edficos sobre la felicidad, generados por la Psicolog\u00eda Positiva, demuestran que tenemos un bajo aprovechamiento de nuestras propias virtudes, y quien las conoce mejor procede a usarlas m\u00e1s, lo cual es una de las principales t\u00e9cnicas efectivas para elevar considerablemente nuestra felicidad. Realizamos una evaluaci\u00f3n GRATUITA de las 24 fortalezas, que todos poseemos, y desde ah\u00ed, ense\u00f1amos c\u00f3mo desarrollarlas.<\/li><\/ul><ul><li><span style=\"color: #339966;\"><strong>Creatividad<\/strong>:<\/span> es una de las fortalezas m\u00e1s importantes, ya que nos va a servir para potenciar las otras 23. \u00bfqu\u00e9 empresa y empleado no necesita unos buenos niveles de creatividad para resolver problemas, mejorar procesos, y aportar soluciones innovadoras?<\/li><\/ul><ul><li><span style=\"color: #339966;\"><strong>Risoterapia:<\/strong><\/span>\u00a0desarrollo del sentido del humor: es otra de las fortalezas del car\u00e1cter, y desde luego el \u201cbuen humor\u201d es clave para la felicidad en el trabajo, la creatividad, el rendimiento, la buena disposici\u00f3n mental, sobre todo para los trabajos m\u00e1s intelectuales.<\/li><\/ul><ul><li><span style=\"color: #339966;\"><strong>T\u00e9cnicas de relajaci\u00f3n y gesti\u00f3n del estr\u00e9s<\/strong>:<\/span> es muy recomendable que sepamos manejar el estr\u00e9s, situaciones dif\u00edciles, incluso sensaciones que tienden a desconcentrarnos. Estas t\u00e9cnicas, junto con mindfulness, son la mejor alternativa.<\/li><\/ul><ul><li><span style=\"color: #339966;\"><strong>Inteligencia emocional<\/strong><\/span>: nuestras propias emociones pueden ser nuestro peor enemigo, pero tambi\u00e9n nuestro mejor aliado si tenemos una buena inteligencia emocional.<\/li><\/ul>\t\t\t\t\t\t<\/div>\n\t\t\t\t<\/div>\n\t\t\t\t\t<\/div>\n\t\t<\/div>\n\t\t\t\t<div class=\"elementor-column elementor-col-50 elementor-inner-column elementor-element elementor-element-v820o06\" data-id=\"v820o06\" data-element_type=\"column\">\n\t\t\t<div class=\"elementor-widget-wrap elementor-element-populated\">\n\t\t\t\t\t\t\t\t<div class=\"elementor-element elementor-element-j8yl8oi elementor-widget elementor-widget-text-editor\" data-id=\"j8yl8oi\" data-element_type=\"widget\" data-widget_type=\"text-editor.default\">\n\t\t\t\t<div class=\"elementor-widget-container\">\n\t\t\t\t\t\t\t<ul><li><span style=\"color: #339966;\"><strong>Coaching<\/strong>:<\/span> tanto en sesiones individuales como grupales, ayudamos a alcanzar los objetivos que nos hayamos planteado, sobre todo a trav\u00e9s de maximizar nuestros recursos personales, brindando estrategias de potenciaci\u00f3n personal y creando procesos de aproximaci\u00f3n pr\u00e1ctica a los objetivos.<\/li><\/ul><ul><li>En el top 10: <span style=\"color: #339966;\"><strong>Formaci\u00f3n en Psicolog\u00eda Positiva<\/strong>: <\/span>la ciencia de la Felicidad, desde su nacimiento en 1998, ha creado m\u00faltiples conocimientos y t\u00e9cnicas dedicadas a mejorar nuestro bienestar. Aprender Psicolog\u00eda Positiva es aprender a ser feliz, a sacar lo mejor de nosotros, a florecer hasta nuestro m\u00e1ximo potencial. Dinos cuantas horas dispones y qu\u00e9 necesitas m\u00e1s y dise\u00f1amos tu formaci\u00f3n en psicolog\u00eda positiva para generar Felicidad en tu empresa.<\/li><\/ul><ul><li><span style=\"color: #339966;\"><strong>Actividades teambuilding<\/strong>:<\/span> sin duda alguna, los equipos en las empresas son el elemento clave para el ambiente y las din\u00e1micas generales que se generen. El teambuilding consigue estrechar lazos, desarrollar confianza, empat\u00eda, conexi\u00f3n y es el mejor potenciador del buen trabajo en equipo. Las m\u00e1s demandadas: risoterapia (la mejor valorada de Espa\u00f1a), yincana urbana, yincana indoor, taller de graffiti, taller de percusi\u00f3n (drum circle)\u2026<\/li><\/ul><ul><li><span style=\"color: #339966;\"><strong>Optimismo<\/strong>:<\/span> una de las intervenciones m\u00e1s solicitadas en las empresas espa\u00f1olas. \u00a1La actitud vital, el entusiasmo, el buen estado de \u00e1nimo y el contagio positivo que poseen las personas optimistas es un diamante en bruto en el mundo de la empresa\u00a1 Es un entrenamiento que no lleva tanto tiempo como se suele esperar, y los beneficios de ser optimista son de sobra conocidos por la ciencia.<\/li><\/ul><ul><li><strong><span style=\"color: #339966;\">Comunicaci\u00f3n positiva<\/span>\u00a0<\/strong><\/li><\/ul><ul><li><span style=\"color: #339966;\"><strong>Resiliencia \u2013 <\/strong><span style=\"color: #808080;\">afrontar la adversidad<\/span><\/span><\/li><\/ul><ul><li><span style=\"color: #339966;\"><strong>Academia De La Felicidad <\/strong><\/span>(tem\u00e1ticas personalizables. Las m\u00e1s t\u00edpicas: las claves de la felicidad, psicolog\u00eda positiva, autoestima, t\u00e9cnicas de relajaci\u00f3n, mindfulness, asertividad, habilidades sociales, motivaci\u00f3n, sentido del humor, inteligencia emocional, los mitos de la felicidad, estrategias de felicidad, comunicaci\u00f3n positiva)<\/li><\/ul>\t\t\t\t\t\t<\/div>\n\t\t\t\t<\/div>\n\t\t\t\t\t<\/div>\n\t\t<\/div>\n\t\t\t\t\t\t\t<\/div>\n\t\t<\/section>\n\t\t\t\t\t<\/div>\n\t\t<\/div>\n\t\t\t\t\t\t\t<\/div>\n\t\t<\/section>\n\t\t\t\t<section class=\"elementor-section elementor-top-section elementor-element elementor-element-yoosfiz elementor-section-boxed elementor-section-height-default elementor-section-height-default\" data-id=\"yoosfiz\" data-element_type=\"section\">\n\t\t\t\t\t\t<div class=\"elementor-container elementor-column-gap-default\">\n\t\t\t\t\t<div class=\"elementor-column elementor-col-100 elementor-top-column elementor-element elementor-element-dmwuhh4\" data-id=\"dmwuhh4\" data-element_type=\"column\">\n\t\t\t<div class=\"elementor-widget-wrap elementor-element-populated\">\n\t\t\t\t\t\t\t\t<div class=\"elementor-element elementor-element-ft6jiwr elementor-arrows-position-inside elementor-pagination-position-outside elementor-widget elementor-widget-image-carousel\" data-id=\"ft6jiwr\" data-element_type=\"widget\" data-settings='{\"slides_to_show\":\"3\",\"slides_to_scroll\":\"3\",\"navigation\":\"both\",\"pause_on_hover\":\"yes\",\"autoplay\":\"yes\",\"autoplay_speed\":5000,\"infinite\":\"yes\",\"speed\":500,\"pause_on_interaction\":\"yes\"}' data-widget_type=\"image-carousel.default\">\n\t\t\t\t<div class=\"elementor-widget-container\">\n\t\t\t\t\t<div class=\"elementor-image-carousel-wrapper swiper-container\" dir=\"ltr\">\n\t\t\t<div class=\"elementor-image-carousel swiper-wrapper\" aria-live=\"off\">\n\t\t\t\t\t\t\t\t<div class=\"swiper-slide\" role=\"group\" aria-roledescription=\"slide\" aria-label=\"1 de 4\"><a data-elementor-open-lightbox=\"yes\" data-elementor-lightbox-slideshow=\"ft6jiwr\" data-elementor-lightbox-title=\"f22 gincana urbana retarte positivarte\" data-e-action-hash=\"#elementor-action%3Aaction%3Dlightbox%26settings%3DeyJpZCI6MTA1LCJ1cmwiOiJodHRwczpcL1wvcmVkZW1wcmVzYXNwb3NpdGl2YXMuY29tXC93cC1jb250ZW50XC91cGxvYWRzXC8yMDE3XC8wMVwvZjIyLWdpbmNhbmEtdXJiYW5hLXJldGFydGUtcG9zaXRpdmFydGUuanBnIiwic2xpZGVzaG93IjoiZnQ2aml3ciJ9\" href=\"http:\/\/redempresaspositivas.com\/?page_id=56\" target=\"_blank\"><figure class=\"swiper-slide-inner\"><img decoding=\"async\" class=\"swiper-slide-image\" src=\"https:\/\/i0.wp.com\/redempresaspositivas.com\/wp-content\/uploads\/2017\/01\/f22-gincana-urbana-retarte-positivarte.jpg?fit=500%2C500&amp;ssl=1\" alt=\"f22 gincana urbana retarte positivarte\" loading=\"lazy\"><\/figure><\/a><\/div><div class=\"swiper-slide\" role=\"group\" aria-roledescription=\"slide\" aria-label=\"2 de 4\"><a data-elementor-open-lightbox=\"yes\" data-elementor-lightbox-slideshow=\"ft6jiwr\" data-elementor-lightbox-title=\"f21b Crece, aprende y disfruta a trav\u00e9s de la Psicolog\u00eda y el Teatro en PositivArte.\" data-e-action-hash=\"#elementor-action%3Aaction%3Dlightbox%26settings%3DeyJpZCI6MTA0LCJ1cmwiOiJodHRwczpcL1wvcmVkZW1wcmVzYXNwb3NpdGl2YXMuY29tXC93cC1jb250ZW50XC91cGxvYWRzXC8yMDE3XC8wMVwvZjIxYi1DcmVjZS1hcHJlbmRlLXktZGlzZnJ1dGEtYS10cmF2XHUwMGU5cy1kZS1sYS1Qc2ljb2xvZ1x1MDBlZGEteS1lbC1UZWF0cm8tZW4tUG9zaXRpdkFydGUuLmpwZyIsInNsaWRlc2hvdyI6ImZ0Nmppd3IifQ%3D%3D\" href=\"http:\/\/redempresaspositivas.com\/?page_id=56\" target=\"_blank\"><figure class=\"swiper-slide-inner\"><img decoding=\"async\" class=\"swiper-slide-image\" src=\"https:\/\/i0.wp.com\/redempresaspositivas.com\/wp-content\/uploads\/2017\/01\/f21b-Crece-aprende-y-disfruta-a-trav%C3%A9s-de-la-Psicolog%C3%ADa-y-el-Teatro-en-PositivArte..jpg?fit=500%2C500&amp;ssl=1\" alt=\"f21b Crece, aprende y disfruta a trav\u00e9s de la Psicolog\u00eda y el Teatro en PositivArte.\" loading=\"lazy\"><\/figure><\/a><\/div><div class=\"swiper-slide\" role=\"group\" aria-roledescription=\"slide\" aria-label=\"3 de 4\"><a data-elementor-open-lightbox=\"yes\" data-elementor-lightbox-slideshow=\"ft6jiwr\" data-elementor-lightbox-title=\"f21 RelajArte Taller de t\u00e9cnicas de Relajaci\u00f3n y Control del Estr\u00e9s en PositivArte.\" data-e-action-hash=\"#elementor-action%3Aaction%3Dlightbox%26settings%3DeyJpZCI6MTAzLCJ1cmwiOiJodHRwczpcL1wvcmVkZW1wcmVzYXNwb3NpdGl2YXMuY29tXC93cC1jb250ZW50XC91cGxvYWRzXC8yMDE3XC8wMVwvZjIxLVJlbGFqQXJ0ZS1UYWxsZXItZGUtdFx1MDBlOWNuaWNhcy1kZS1SZWxhamFjaVx1MDBmM24teS1Db250cm9sLWRlbC1Fc3RyXHUwMGU5cy1lbi1Qb3NpdGl2QXJ0ZS4uanBnIiwic2xpZGVzaG93IjoiZnQ2aml3ciJ9\" href=\"http:\/\/redempresaspositivas.com\/?page_id=56\" target=\"_blank\"><figure class=\"swiper-slide-inner\"><img decoding=\"async\" class=\"swiper-slide-image\" src=\"https:\/\/i0.wp.com\/redempresaspositivas.com\/wp-content\/uploads\/2017\/01\/f21-RelajArte-Taller-de-t%C3%A9cnicas-de-Relajaci%C3%B3n-y-Control-del-Estr%C3%A9s-en-PositivArte..jpg?fit=500%2C500&amp;ssl=1\" alt=\"f21 RelajArte Taller de t\u00e9cnicas de Relajaci\u00f3n y Control del Estr\u00e9s en PositivArte.\" loading=\"lazy\"><\/figure><\/a><\/div><div class=\"swiper-slide\" role=\"group\" aria-roledescription=\"slide\" aria-label=\"4 de 4\"><a data-elementor-open-lightbox=\"yes\" data-elementor-lightbox-slideshow=\"ft6jiwr\" data-elementor-lightbox-title=\"03.- circulo de la risa red\" data-e-action-hash=\"#elementor-action%3Aaction%3Dlightbox%26settings%3DeyJpZCI6MTAyLCJ1cmwiOiJodHRwczpcL1wvcmVkZW1wcmVzYXNwb3NpdGl2YXMuY29tXC93cC1jb250ZW50XC91cGxvYWRzXC8yMDE3XC8wMVwvMDMuLWNpcmN1bG8tZGUtbGEtcmlzYS1yZWQuanBnIiwic2xpZGVzaG93IjoiZnQ2aml3ciJ9\" href=\"http:\/\/redempresaspositivas.com\/?page_id=56\" target=\"_blank\"><figure class=\"swiper-slide-inner\"><img decoding=\"async\" class=\"swiper-slide-image\" src=\"https:\/\/i0.wp.com\/redempresaspositivas.com\/wp-content\/uploads\/2017\/01\/03.-circulo-de-la-risa-red.jpg?fit=500%2C500&amp;ssl=1\" alt=\"03.- circulo de la risa red\" loading=\"lazy\"><\/figure><\/a><\/div>\t\t\t<\/div>\n\t\t\t\t\t\t\t\t\t\t\t\t<div class=\"elementor-swiper-button elementor-swiper-button-prev\" role=\"button\" tabindex=\"0\">\n\t\t\t\t\t\t<i aria-hidden=\"true\" class=\"eicon-chevron-left\"><\/i>\t\t\t\t\t<\/div>\n\t\t\t\t\t<div class=\"elementor-swiper-button elementor-swiper-button-next\" role=\"button\" tabindex=\"0\">\n\t\t\t\t\t\t<i aria-hidden=\"true\" class=\"eicon-chevron-right\"><\/i>\t\t\t\t\t<\/div>\n\t\t\t\t\n\t\t\t\t\t\t\t\t\t<div class=\"swiper-pagination\"><\/div>\n\t\t\t\t\t\t\t\t\t<\/div>\n\t\t\t\t<\/div>\n\t\t\t\t<\/div>\n\t\t\t\t\t<\/div>\n\t\t<\/div>\n\t\t\t\t\t\t\t<\/div>\n\t\t<\/section>\n\t\t\t\t\t\t\t<\/div>\n\t\t<\/body>","protected":false},"excerpt":{"rendered":"<p>Auditoria\u00a0positiva: hay muchos modos de hacerlo, dependiendo de los recursos de la empresa: Con datos que aporte la empresa. Metodolog\u00eda de encuesta. Investigaci\u00f3n cient\u00edfica. Formaci\u00f3n a directivos: adaptada a las necesidades presentes, para que puedan generar los m\u00faltiples efectos positivos derivados de aplicar la Felicidad en el Trabajo. Mindfulness-Atenci\u00f3n Plena: que cualquier miembro de la &hellip; <a href=\"https:\/\/redempresaspositivas.com\/?page_id=13\" class=\"more-link\">Seguir leyendo <span class=\"screen-reader-text\">Servicios<\/span> <span class=\"meta-nav\">&rarr;<\/span><\/a><\/p>\n","protected":false},"author":1,"featured_media":0,"parent":0,"menu_order":0,"comment_status":"closed","ping_status":"closed","template":"","meta":{"footnotes":""},"class_list":["post-13","page","type-page","status-publish","hentry"],"jetpack_sharing_enabled":true,"_links":{"self":[{"href":"https:\/\/redempresaspositivas.com\/index.php?rest_route=\/wp\/v2\/pages\/13"}],"collection":[{"href":"https:\/\/redempresaspositivas.com\/index.php?rest_route=\/wp\/v2\/pages"}],"about":[{"href":"https:\/\/redempresaspositivas.com\/index.php?rest_route=\/wp\/v2\/types\/page"}],"author":[{"embeddable":true,"href":"https:\/\/redempresaspositivas.com\/index.php?rest_route=\/wp\/v2\/users\/1"}],"replies":[{"embeddable":true,"href":"https:\/\/redempresaspositivas.com\/index.php?rest_route=%2Fwp%2Fv2%2Fcomments&post=13"}],"version-history":[{"count":16,"href":"https:\/\/redempresaspositivas.com\/index.php?rest_route=\/wp\/v2\/pages\/13\/revisions"}],"predecessor-version":[{"id":142,"href":"https:\/\/redempresaspositivas.com\/index.php?rest_route=\/wp\/v2\/pages\/13\/revisions\/142"}],"wp:attachment":[{"href":"https:\/\/redempresaspositivas.com\/index.php?rest_route=%2Fwp%2Fv2%2Fmedia&parent=13"}],"curies":[{"name":"wp","href":"https:\/\/api.w.org\/{rel}","templated":true}]}}